 -49 + 60. Suppose -12 = -2*t + 2*o, -t + 12 = -3*o - 0*o. Suppose -4 = -t*q + v. What are the prime factors of q?
5
Let f = 407 + 709. What are the prime factors of f?
2, 3, 31
Let p(b) = -9*b**3 - 4*b**2 + 2*b - 9. List the prime factors of p(-4).
3, 5, 11
Let a(z) = -4*z**3 - 3*z**2 + 20*z - 7. Let p(d) = 2*d**3 + d**2 - 10*d + 3. Let r(c) = 3*a(c) + 5*p(c). What are the prime factors of r(-6)?
2, 3, 37
What are the prime factors of 14/(-8) - -2 - 13752/(-32)?
2, 5, 43
Suppose g + 69 = u, -13*u + 305 = -8*u + 5*g. What are the prime factors of u?
5, 13
Let q be (-1)/(-2)*213 + (-2)/(-4). Let x = q + -18. List the prime factors of x.
89
Let p(k) = 2*k**2 - 3*k - 1. Let x = -64 + 36. Let s be (3 - x/(-8))*4. List the prime factors of p(s).
13
List the prime factors of 1295 + -4 + (-20)/5.
3, 11, 13
Let p(z) = -z**3 - z + 2. Let u be p(0). Let y be (3/1)/((-1)/(-36)). Suppose -u*k + y = 6*o - 3*o, -4*k = -12. List the prime factors of o.
2, 17
Suppose s + 5*a = -3, 8 = 2*s - 5*a - 46. Suppose -2*i = -s - 101. What are the prime factors of i?
59
Let u be ((-120)/84)/(1/(-7)). Suppose s - u = -s. List the prime factors of ((-32)/s)/((-4)/10).
2
Let z(h) = 229*h**3 + h**2 + 21*h - 22. What are the prime factors of z(1)?
229
Let o = 11 + 10. Let g = 1 + o. What are the prime factors of g?
2, 11
Let o(h) be the first derivative of h**4/4 - 17*h**3/3 + 8*h**2 + 7*h + 4. List the prime factors of o(16).
7
Let d = -28 - -22. Let g be (0 - (-9)/d)*-2. Suppose g*z - 12 = 54. What are the prime factors of z?
2, 11
Let b be (4 - (3 + 1))/1. Suppose -q + 0 + 1 = b. List the prime factors of -2 + (0 - -23) + q.
2, 11
Let z be -15 + (2 - 0) + 0. Suppose -4*y = 30 + 86. Let f = z - y. List the prime factors of f.
2
Suppose -3*z = -33 + 87. Let k be (-88)/(-3)*z/(-8). Suppose -2*a + k = -0*a. List the prime factors of a.
3, 11
Let t = -56 + 284. Suppose -9*y = -3*y - t. What are the prime factors of y?
2, 19
Suppose -2*r + 2*h - 234 = r, -h + 317 = -4*r. List the prime factors of ((-288)/(-20))/((-12)/r).
2, 3
Let g(b) = 2*b**2 - 29*b + 2. Let x(n) = -n**2 + 15*n - 1. Let p(y) = 3*g(y) + 7*x(y). Let h(d) be the first derivative of p(d). List the prime factors of h(8).
2
Let o = 517 + -251. List the prime factors of o.
2, 7, 19
Let l = 54 - -42. What are the prime factors of l?
2, 3
Suppose -7*h = -8*h - 19. Let p = h - -127. What are the prime factors of p?
2, 3
Let m(c) = c**3 + 5*c**2 - 4*c + 9. Let p be m(-6). List the prime factors of p + (-396)/((-4)/1).
2, 3
Suppose 5*v + 10 = -10. Let o = 14 + v. List the prime factors of o.
2, 5
Suppose -4*x - 4*z + 3923 = -7*z, z = x - 980. What are the prime factors of x?
983
List the prime factors of 69183/81 + -12 - (-1)/(-9).
2, 421
Let q = -458 - -1181. What are the prime factors of q?
3, 241
Suppose 2*q - 50 = -3*f, 0 = -q + f + 20 - 5. Let j = q + 99. List the prime factors of j.
2, 59
Let d = 3340 + -1885. List the prime factors of d.
3, 5, 97
Suppose 717 = 14*d - 13*d. What are the prime factors of d?
3, 239
List the prime factors of (14756/88 + 20/(-110))*8.
2, 5, 67
Suppose 8*u + 12 = 12*u. Suppose 0 = -4*h - 4, -o + 0*h = -u*h - 143. Suppose 0 = 14*l - 10*l - o. List the prime factors of l.
5, 7
List the prime factors of 9/(-2)*(10 + -200).
3, 5, 19
Suppose 22*h + 126 = 19*h. Let j(t) = -2*t**2 + 2. Let f be j(4). Let r = f - h. List the prime factors of r.
2, 3
Suppose w + 2*w = 126. Let k = w - 12. What are the prime factors of k?
2, 3, 5
Suppose 3*g = 3*j + 318, -4*j = 4*g - 527 + 143. Let b be g + 2 + 0 - 1. Suppose 3*d - 75 = 3*r - 2*r, 4*d = 2*r + b. List the prime factors of d.
2, 3
Let y(d) = -d**3 + 8*d**2 + 8. Let t be y(7). Suppose t = 2*h + 4*b - 83, 5*h - 322 = 4*b. List the prime factors of h.
2, 3, 11
Let q(r) = -13*r + 877. What are the prime factors of q(-38)?
3, 457
Suppose -i = -2*u - 713, 0 = 3*i - 7*i - 5*u + 2865. List the prime factors of i.
5, 11, 13
Let v(o) be the second derivative of 17*o**3/6 - 7*o**2 - 5*o. Let g be v(6). Let t = g + -61. List the prime factors of t.
3
Suppose 9*v - 1708 = -5*v. What are the prime factors of v?
2, 61
Let o = 23 - 8. Suppose -3*l + 6 + o = g, g = -3. Suppose -l*s + 135 = -3*s. What are the prime factors of s?
3
Let r be (64/(-20))/((-3)/15). Let f be (-30)/4*r/12. What are the prime factors of (12/f)/(6/(-15))?
3
List the prime factors of (86/172)/(2/508).
127
Let b(h) = -h**3 - 8*h**2 + 8*h - 10. Let d be b(-9). List the prime factors of (4/5)/(d/(-30)).
2, 3
Suppose 4*p = c - 395 + 82, -3*c - 5*p + 871 = 0. What are the prime factors of c?
3, 11
List the prime factors of (-10 + 8 - 6) + 1444.
2, 359
List the prime factors of 12/2 - (-2107 - (20 + -8)).
5, 17
Let a = -101 + 148. Let g = 251 - a. What are the prime factors of g?
2, 3, 17
Let t(c) = -23 - 11*c**2 - 209*c**3 + 210*c**3 - 6*c**2 + 8*c + 3*c**2. List the prime factors of t(14).
89
Let c = 571 + -217. What are the prime factors of c?
2, 3, 59
Suppose 5*n - 2*w + 3*w = 12240, 2*n = -4*w + 4896. List the prime factors of n.
2, 3, 17
Suppose 2*s - 313 = 689. List the prime factors of s.
3, 167
Suppose -5*z - 724 = -3*x, x - 704 = -2*x - 5*z. List the prime factors of x.
2, 7, 17
Let l be 78 - (2 - 2 - -1). Let v(o) = o**3 + 15*o**2 - 24*o - 20. Let u be v(-16). Let x = u - l. List the prime factors of x.
31
Let j = -60 - -64. Suppose -2*z - 616 = -2*d - z, 5*z = -j*d + 1232. List the prime factors of d.
2, 7, 11
Let t(h) = h**3 + 8*h**2 + 7*h - 2. Let l be t(-7). Let y be 648/20*(-5)/l. Let i = -39 + y. What are the prime factors of i?
2, 3, 7
Suppose -2768 = -w - 105*j + 100*j, 4*w + j - 11015 = 0. What are the prime factors of w?
2753
Suppose -2*g - 2 = -0*g, -g - 287 = -l. What are the prime factors of l?
2, 11, 13
Let n(u) = 4*u**2 + 51. List the prime factors of n(-8).
307
Suppose 0 = -g + 241 + 129. List the prime factors of g.
2, 5, 37
Suppose -421 - 1689 = -5*j. Let d be (-1)/(-3) - j/(-3). Suppose -5*c - 6 = -d. What are the prime factors of c?
3
Let s = -42 + 87. Suppose s*t - 46*t = -40. List the prime factors of t.
2, 5
Suppose -11*h + 958 = 3*o - 6*h, 0 = 5*o - 4*h - 1535. What are the prime factors of o?
311
Let i(j) = -j + 10. Suppose -19*o + 16*o + 18 = 0. Let y be i(o). Suppose -y*u - 2*w = -5*w - 253, 4*w - 221 = -3*u. What are the prime factors of u?
67
Suppose 11*x - 12334 = 6168. What are the prime factors of x?
2, 29
Let s(v) = -v**2 - 10*v - 5. Let n be s(-8). Let c(z) = 3 - z**2 + 7*z + 3*z + 10. List the prime factors of c(n).
2
Let v = -1270 - -2743. List the prime factors of v.
3, 491
Suppose -j - 1 = p - 0, -1 = j. Let h be 7 - (0 + 0 + 4). Suppose -2*c = n + n - 36, h*c - 3 = p. What are the prime factors of n?
17
Suppose 23*d - 10626 = -19*d. List the prime factors of d.
11, 23
Suppose 0 = 3*w + 3*t - 1839 - 3201, 3*w - 5036 = -2*t. What are the prime factors of w?
2, 419
Suppose -4*c - o + 10 - 50 = 0, 5*c = 3*o - 67. Let u(y) = -y**2 - 18*y - 17. What are the prime factors of u(c)?
2, 3, 5
Let m(b) = -b**3 + 4*b**2 - 3*b + 1. Let i be m(3). List the prime factors of (41 - -4) + 0 - i.
2, 11
Suppose 98 = 8*n - n. Let q = n + -34. Let k = q + 28. List the prime factors of k.
2
What are the prime factors of -3 - (-22)/(-1)*-11?
239
Let d = -83 + 88. Suppose 5*z - 84 = -2*w, d*z - z = -w + 36. List the prime factors of w.
2, 13
Suppose 16 = 4*r + 2*k, -4*r + 4*k + 22 - 6 = 0. Let w(q) = -q**3 + 3*q**2 + 3*q + 8. Let d be w(r). Suppose -d*t + 9*t = 115. List the prime factors of t.
23
Let j(v) = v**2 + 5*v + 6. Let f be j(-4). Suppose -3*p - 3 = 2*i, -3*p + f*i - 18 = -i. Let w(n) = -16*n + 5. What are the prime factors of w(p)?
53
Suppose 3*k + 813 = 5*c - 504, 4*k = -5*c + 1289. List the prime factors of c.
3, 29
Suppose 3*d = 4*d - 2. Suppose -d*t - 36 = -4*s + 2*t, 3*s - 26 = 2*t. What are the prime factors of s?
2
What are the prime factors of 40/15 - (-14)/(-21)?
2
What are the prime factors of 5079/(-2)*(-174)/261?
1693
Suppose -b + 285 = -5*u, u - 5*b - 83 = 2*u. Let q = 139 + u. What are the prime factors of q?
3
Suppose 2*f - 5*s - 1641 = 0, 2*f - 2*s = s + 1639. What are the prime factors of f?
2, 409
Let k = 125 + -44. Suppose -k = -4*h + 3. What are the prime factors of h?
3, 7
Let r(z) = -10*z - 15. Suppose n = 7*j - 3*j + 10, 0 = 5*n + 4*j 